, -l = 2*v - 3. What is the units digit of l?
3
Let j = 98 - 53. Let u = 68 - j. What is the tens digit of u?
2
Suppose 0 = -2*b + 4*b - 10, 3*k + 280 = 2*b. Let p = -55 - k. What is the tens digit of p?
3
Suppose -j = -2*q, -2*j + 3*q = q. Suppose 0 = -5*w + 2*y + 176, -2*w + 3*y - 2*y + 70 = j. What is the tens digit of w?
3
Let v be ((-5)/3 - -2)*111. Let w = v + -21. What is the tens digit of w?
1
Suppose 0 = 15*b - 12*b - 120. What is the units digit of b?
0
Suppose 0*h + 2*a - 13 = -h, 25 = h + 5*a. Suppose -3*j + h*j = 8. Suppose j*l + 2 = 6. What is the units digit of l?
1
Let o = 4 + -1. Let b = 8 - o. Suppose 2*w + 9 = -0*w + b*g, -6 = -2*g. What is the units digit of w?
3
Suppose -2*u - 3*u = 0. Suppose u = 2*o + 10 - 0, -43 = -4*g + 3*o. What is the units digit of g?
7
Suppose -2*y - 11 = -5*f, 2*f - 4*y - 7 = -3*f. Let h be (-2)/(3/27*f). What is the units digit of (-68)/(-6) - (-2)/h?
1
Suppose 2*m = -1 + 9. Suppose 3*f - 4*f + 2*h = -14, -f - 16 = m*h. Let d(p) = -p**3 + 5*p**2 - 5. What is the units digit of d(f)?
1
Suppose -4*z + 45 - 9 = 0. What is the units digit of z?
9
Suppose -5*g + 28 + 2 = 0. Let j = 7 - g. What is the units digit of j?
1
Let z(k) = -23*k - 7. Let n(o) = -35*o - 11. Let h(t) = -5*n(t) + 8*z(t). What is the units digit of h(-1)?
8
Let t = 9 - -48. What is the tens digit of t?
5
Suppose -23*c + 28*c = 120. Let s = 25 - c. What is the units digit of s?
1
Let j be ((-2)/(-1))/(6/(-15)). Let b be ((-6)/j)/(6/15). Suppose -5*u - 1 - 1 = 4*l, b*l + 2 = -4*u. What is the units digit of l?
2
Let d = 29 + -14. Let z = 19 + -10. What is the units digit of (d/9 - 1)*z?
6
Let m(g) = -g**2 + 5*g + 2. Let h be m(5). Let x = -2 + h. Suppose x = -5*p + o + 64, -p - 3*o = o - 17. What is the tens digit of p?
1
Let u(r) = r + 6. Let q be u(-10). What is the units digit of (39/4)/((-1)/q)?
9
Let s be 1/3*3 + 0. Let q be 0/((-1)/s + -1). Suppose 3*t = -2*a - q + 17, a - 36 = 4*t. What is the tens digit of a?
1
Let f be -5*(-1 - (-7)/5). Let r = 2 - f. Suppose 4*o - 2*x - 60 = 0, -r*x + 7 = 23. What is the tens digit of o?
1
Let l(g) = 2*g - 8. Let y = 57 + -36. Let t = y + -14. What is the units digit of l(t)?
6
Suppose 0 = -t - t + 10. Suppose -t*i + 4*i = 0. Suppose -4*q + 26 + 34 = i. What is the tens digit of q?
1
Let x(w) = w**2 + 11*w + 6. Let a(i) = i**2 + 3*i + 2. Let c be a(-2). Suppose c*b + 3*b = -33. What is the units digit of x(b)?
6
Let q = -15 + 15. Suppose -6 = -3*g, -n - 4*n - 3*g + 101 = q. What is the tens digit of n?
1
Let b = -3 - -9. Suppose b = -0*x + x. What is the units digit of x?
6
Let a(o) be the first derivative of 7*o**3/3 + 7*o**2 + o + 2. Let h(b) = 6*b**2 + 13*b + 1. Let f(y) = 5*a(y) - 6*h(y). What is the units digit of f(-7)?
6
Let h = 4 + -3. Suppose h = 4*s - 31. What is the units digit of s?
8
Suppose -6*b - 1 = -2*b - n, 0 = -3*b + 4*n - 4. Suppose b = 5*x + 3 - 13. What is the units digit of x?
2
Let q(j) = 2*j**3 + j**2 - 11*j + 2. Let f = 13 + -8. Let v(o) = -3*o**3 - o**2 + 16*o - 3. Let c(x) = f*v(x) + 7*q(x). What is the units digit of c(2)?
5
Let z(k) = 3*k**3 + 3*k**2 + 2*k - 2. Let i be z(-2). Let p = 30 + i. What is the units digit of p?
2
Let m(w) = w**3 - 6*w**2 - 8*w + 7. Let l be m(7). Suppose 0 = -2*c - l*c - r + 9, -5*r - 7 = -3*c. Suppose 0 = y - 5*y + c. What is the units digit of y?
1
Let m = 1 - -24. What is the tens digit of m?
2
Let j(g) = 2*g - 6. Suppose m = -0*m + 9. What is the units digit of j(m)?
2
Let z = 11 + -6. Let o = 13 - z. What is the units digit of o?
8
Let d = 39 + 3. What is the units digit of d?
2
Let n be (-22)/(-3) + 44/(-33). What is the units digit of n + 2 - (4 + -6)?
0
Let h = -72 - -36. What is the units digit of h/20*(-20)/6?
6
Let t = 5 - 5. Let r = t - -10. What is the units digit of r?
0
Let i be 6/8*16/6. Suppose 2*h = -w - i*h + 3, 4*h = 2*w - 6. What is the units digit of w?
3
Let n be (-741)/(-21) + 4/(-14). Let m = -21 + n. What is the tens digit of m?
1
Let u(m) = -2*m - 15. Let z be u(-4). Let h(x) = x**2 - 9*x - 12. Let i(a) = 6*a**2 - 45*a - 61. Let c(g) = 11*h(g) - 2*i(g). What is the units digit of c(z)?
4
Suppose 5*r = 2*f + 4, -5 = 3*r + 2*r - 5*f. Let o be r + 4 - 0/1. What is the units digit of o/(-4)*2 + 6?
3
Let n be (4/6)/(1/6). Suppose -5*u = -5*o - 40, 0 = u + o - 10 - n. What is the units digit of u?
1
Let c be 93/(-12) + (-2)/8. Let g(n) = -n**2 - 8*n + 7. Let v be g(c). What is the units digit of v + (0 - -1) + -2?
6
Suppose -4*n - 4*j = j - 194, 5*j + 112 = 2*n. What is the tens digit of n?
5
Suppose 27*o + 61 = 28*o. What is the tens digit of o?
6
Suppose 0 = -3*c, -2*x + 74 = -0*c - c. What is the tens digit of x?
3
Suppose 417 = 8*o - 943. What is the hundreds digit of o?
1
Let o be (4 - 6)*27/6. Let w(m) = m**3 + 10*m**2 + 6*m - 9. What is the tens digit of w(o)?
1
Suppose 0 = 3*p + m - 10, -3*p + 18 = -4*p + 5*m. Let g be 5 + 0 - (p + -2). Suppose 12 = g*f - 2*l - 9, 0 = 2*f - l - 9. What is the units digit of f?
3
What is the tens digit of (1/((-10)/(-4)))/((-1)/(-150))?
6
Let v(r) = r - 5. Let f be v(6). Let k be 12 - (2 - 0)*f. Suppose -4*c - 3*g = -18, 0 = 5*c + 3*g - 31 + k. What is the units digit of c?
3
Suppose -4*u + 671 = -113. What is the tens digit of u?
9
Let k(q) = -q**3 + 2*q**2 - 30. What is the hundreds digit of k(-6)?
2
Let w = 1 + 2. Suppose -w*k - 34 = 2*b, 2*b - 12 - 10 = 4*k. Let a = 1 - k. What is the units digit of a?
9
Let t be (-1)/(2*1/(-130)). Suppose 0 = 3*q - 8*q + t. What is the units digit of q?
3
Suppose -6 = 3*w - 5*w. Suppose -w*t = t. Suppose -2*j + 12 = -t*j. What is the units digit of j?
6
Let p = -593 - -836. What is the tens digit of p?
4
Let r(z) = z**2 + 3*z - 5. Let b be r(-4). Let q = -10 + 13. What is the units digit of (b - (1 - q))*3?
3
Let h(g) = g**3 - 3*g**2 + g - 1. Let f be h(3). Suppose j + f = 0, 4*w + 0*w - j - 14 = 0. What is the units digit of w*-2*3/(-6)?
3
Let p = 86 - 65. What is the units digit of p?
1
Let a be (4/6)/((-2)/(-3)). Let q = a - 6. Let u = 10 + q. What is the units digit of u?
5
Suppose 2*b - 5*j + 11 - 99 = 0, 4*j = 0. What is the tens digit of b?
4
Let g(x) = -x**2 - 2. Let j be g(0). Let t = 5 + -8. Let p = j - t. What is the units digit of p?
1
Let f(w) = -3*w**3 - w**2 - 2*w - 1. Let n be f(-1). Let l(o) = 3 + o**n - 2*o + 5*o**2 + 4*o - 2*o**2. What is the units digit of l(-2)?
3
Let r = 4 - 2. Let g be (-9 - -5)*r/(-4). What is the units digit of g - ((0 - 2) + -7)?
1
Suppose -5*s = -s. What is the units digit of (s - -1) + 100/10?
1
Let o be (-2)/(-9) - 140/(-18). Suppose 4*h = 6*h + 2. Let c = o + h. What is the units digit of c?
7
Let z(v) = v - 2. Let p be z(4). Suppose -5*s - 4 - 1 = 2*a, -p*a + 1 = -s. Suppose w - 4*m - 8 = a, -2*w + m = -4*w + 7. What is the units digit of w?
4
Suppose 0 = -2*k + 16 + 6. Let y = k - 9. Suppose -72 = -2*j - y*j. What is the tens digit of j?
1
Let o(u) = u**3 + 7*u**2 + 9*u + 2. Let f be o(-6). Suppose 5*h + 5*r + 140 = 0, 2*h = r + 8 - 49. Let m = f - h. What is the units digit of m?
7
Suppose 70 + 161 = 3*d. What is the units digit of d?
7
Let d(n) = 9*n**2 - 17*n + 17. Let s(j) = 5*j**2 - 9*j + 9. Let q(w) = -6*d(w) + 11*s(w). What is the units digit of q(-6)?
5
Let y = 0 + 4. Suppose -3 = -y*w + 17. Suppose 0 = 4*j - 0*z + 2*z - 56, -j + w*z = 8. What is the units digit of j?
2
Let c(d) = -d + 7. Let j be c(14). Let k = j + 26. What is the tens digit of k?
1
Let r(w) = 3*w**2 + 4*w + 1. Let f be r(-2). Suppose 4*k = -0*k - 5*g + 46, 4*g = 3*k - 19. Let x = k + f. What is the tens digit of x?
1
Let g(i) = i + 1. Let u(t) = 2*t + 1. Let y(d) = -3*g(d) + 2*u(d). What is the units digit of y(10)?
9
Let h(f) = 19*f - 32. What is the tens digit of h(10)?
5
Let o(z) = -z**2 + 69. Let w be o(0). Suppose -2*f - f + w = 3*h, 0 = f + 3*h - 33. What is the tens digit of f?
1
Suppose -3*s - 2*u = -s - 12, -2*u = 3*s - 16. What is the units digit of s?
4
Let w(o) = -o**2 - 4*o + 1. Let c be (-57)/21 + 2/(-7). What is the units digit of w(c)?
4
Let p(k) be the second derivative of 1/3*k**3 - 9/2*k**2 + 0 + k. What is the units digit of p(8)?
7
Let k(x) = -4*x. Let u be k(-1). What is the units digit of (u + -3)/(2/22)?
1
Suppose 3*c = 3, -2*c + 14 = 3*l - 0*c. Suppose -3*f + 4 = l*k, 0 = f - 5*f